2?
-1001101
In base 10, what is -80747 - -5?
-80742
In base 8, what is -237632 + -14?
-237646
In base 14, what is 102 + 19?
11b
In base 3, what is 1100012 - -1122201?
2222220
In base 14, what is -67a + 7?
-673
In base 16, what is e - -6ec5?
6ed3
In base 5, what is -20 - 2340211?
-2340231
In base 14, what is -1a34 - -4?
-1a30
In base 10, what is 3 + 120992?
120995
In base 16, what is -1d65 + -b?
-1d70
In base 6, what is -11 - -23004?
22553
In base 16, what is 24cf - 3?
24cc
In base 6, what is -4155 + -21?
-4220
In base 16, what is 2a + 504?
52e
In base 14, what is 1b7 - 1c?
199
In base 7, what is 2 + 1352026?
1352031
In base 3, what is 1120221120 - 0?
1120221120
In base 15, what is 13 + c15e?
c172
In base 4, what is 30103323 - -10?
30103333
In base 15, what is 11 + 52dd8?
52de9
In base 13, what is 2291b - 3?
22918
In base 13, what is 1167b - -2?
11680
In base 9, what is -30 - -37871?
37841
In base 8, what is -4364 + 243?
-4121
In base 3, what is -11200011122 - 2?
-11200011201
In base 7, what is 6 + -216336?
-216330
In base 15, what is -203a7 + 28?
-2037e
In base 2, what is -1110010011100100 + -10?
-1110010011100110
In base 2, what is 1100010110010111 - 1100?
1100010110001011
In base 13, what is -40947 - 1?
-40948
In base 9, what is -36 - -7661?
7624
In base 6, what is 20245 + -10?
20235
In base 13, what is -29b648 - 4?
-29b64c
In base 10, what is -1364 + 162?
-1202
In base 12, what is -4 - -19a96?
19a92
In base 13, what is c21 - -39?
c5a
In base 6, what is 11 - -33410?
33421
In base 5, what is 12314 - -1201?
14020
In base 4, what is 103102 + 212?
103320
In base 7, what is -135 + -303213?
-303351
In base 9, what is 17 + 450443?
450461
In base 12, what is 2360 - -228?
2588
In base 15, what is -1 + -2c84?
-2c85
In base 8, what is -132 - -2346?
2214
In base 14, what is -8bd2a - -2?
-8bd28
In base 11, what is 0 + 4597?
4597
In base 6, what is -33225 + -222?
-33451
In base 11, what is -12 - 2726?
-2738
In base 11, what is 5 + 851?
856
In base 12, what is 9664 - -a?
9672
In base 12, what is 19103 - -35?
19138
In base 13, what is -27 - 472?
-499
In base 7, what is 13 + 546235?
546251
In base 10, what is -4 - -19338?
19334
In base 5, what is 1241 - 2321?
-1030
In base 9, what is -826 + -7330?
-8256
In base 10, what is 2 + -250239?
-250237
In base 8, what is 52220 - 1?
52217
In base 13, what is 10c + -490?
-381
In base 8, what is 4724 + -2?
4722
In base 6, what is 25054 + -23?
25031
In base 3, what is -100022 - 2102?
-102201
In base 8, what is 4 + -427200?
-427174
In base 6, what is 100301030 - -4?
100301034
In base 8, what is -115775 - 3?
-116000
In base 14, what is -2288 + 8?
-2280
In base 7, what is 14 + 24201?
24215
In base 14, what is 2 + 2c479?
2c47b
In base 2, what is 11110111 + 11000011?
110111010
In base 6, what is 12 - 22000?
-21544
In base 2, what is 1111 + -1011000101?
-1010110110
In base 3, what is 21 + -2202210201?
-2202210110
In base 12, what is 38b6 - -83?
3979
In base 8, what is -20 - 6543?
-6563
In base 16, what is 1 + 1234?
1235
In base 8, what is -10223 - -34?
-10167
In base 8, what is 3 - -401711?
401714
In base 2, what is -1101 + 1010001101010?
1010001011101
In base 3, what is -12112202212 + -11?
-12112210000
In base 10, what is -304154 - -4?
-304150
In base 2, what is -111011011000 + -100?
-111011011100
In base 16, what is 1d0 - -13d8?
15a8
In base 7, what is -1 - 14522?
-14523
In base 12, what is -1690 - -5?
-1687
In base 5, what is -1 + 403413?
403412
In base 7, what is 431450 - 13?
431434
In base 3, what is 1 - 2012000211010?
-2012000211002
In base 3, what is 11111 - -120001?
201112
In base 7, what is 253 + 233?
516
In base 7, what is 203 + -1662?
-1456
In base 12, what is 132 - 628?
-4b6
In base 4, what is 3003 + -222031?
-213022
In base 14, what is -2 - 3dc9?
-3dcb
In base 7, what is -20056 - 0?
-20056
In base 5, what is 1333111 + 14?
1333130
In base 13, what is c66 - -75?
100b
In base 6, what is -5500 - 4?
-5504
In base 4, what is -120 + 11212010?
11211230
In base 8, what is -31061 - 304?
-31365
In base 13, what is -6b8 - -4?
-6b4
In base 12, what is -2 + 5a4b2?
5a4b0
In base 6, what is -10530 - 2033?
-13003
In base 5, what is 14 - -1232321?
1232340
In base 11, what is 577a72 + -5?
577a68
In base 2, what is 1100101110010001010 + -101?
1100101110010000101
In base 2, what is 11111101 + 1101100101?
10001100010
In base 15, what is 1dad39 + -4?
1dad35
In base 9, what is 27438 - -155?
27604
In base 3, what is 2101201121 - 11?
2101201110
In base 15, what is -2 - 2767?
-2769
In base 4, what is 201300302 + 0?
201300302
In base 2, what is 100001111001010111001 + 101?
100001111001010111110
In base 14, what is -2 - -793da?
793d8
In base 11, what is 20114 - -6?
2011a
In base 4, what is -10110212 - 12?
-10110230
In base 11, what is 4a68 - -4?
4a71
In base 7, what is -56 + 210500?
210411
In base 9, what is -2 + -385542?
-385544
In base 11, what is -7 + -22a4?
-2300
In base 3, what is 2 + 1001122210?
1001122212
In base 9, what is 53148 - -3?
53152
In base 14, what is 0 - -20006?
20006
In base 7, what is 154654 - 0?
154654
In base 2, what is 1110000110110 + -101?
1110000110001
In base 10, what is -124 - 912?
-1036
In base 13, what is -60c - 62?
-671
In base 4, what is -13211033 + 20?
-13211013
In base 13, what is 1 - 7153?
-7152
In base 16, what is -4e43 - -1c?
-4e27
In base 6, what is 212 - 1250?
-1034
In base 6, what is -2055 + 13?
-2042
In base 8, what is 5515 - -1601?
7316
In base 16, what is -13d + -da0?
-edd
In base 14, what is -58 + -43a?
-494
In base 8, what is -271 + 10130?
7637
In base 5, what is -2323 + -424?
-3302
In base 7, what is 0 + -224314?
-224314
In base 16, what is 7 - -adf?
ae6
In base 8, what is -125306 + 15?
-125271
In base 4, what is -3 - -11201122?
11201113
In base 13, what is 1632846 + -3?
1632843
In base 4, what is 20330330130 - 11?
20330330113
In base 2, what is -10000100011011011 + 100?
-10000100011010111
In base 4, what is -3322 + -31?
-10013
In base 14, what is -100c + 3?
-1009
In base 6, what is -24 + -5354?
-5422
In base 3, what is -11 + -2221011110?
-2221011121
In base 13, what is c - -1007?
1016
In base 10, what is 467 + 759?
1226
In base 16, what is -26b2ae - 2?
-26b2b0
In base 3, what is -2222220 + -100001?
-10022221
In base 12, what is -173251 + -13?
-173264
In base 11, what is -1551 + -191?
-1732
In base 12, what is -1a415 + -3?
-1a418
In base 10, what is 41 + -6549?
-6508
In base 15, what is -2 - -1078e?
1078c
In base 3, what is -102 + -12021212?
-12022021
In base 14, what is -17 + -a?
-23
In base 15, what is -c9 + 3a8b?
39b2
In base 10, what is -196 - -450?
254
In base 13, what is -162 - 44c4?
-4656
In base 5, what is 1320024 - 0?
1320024
In base 6, what is -215112113 + 1?
-215112112
In base 14, what is -65a4d7 + 5?
-65a4d2
In base 4, what is 21130320222 + 2?
21130320230
In base 7, what is 0 + -65362?
-65362
In base 3, what is 12 + -1000220221?
-1000220202
In base 14, what is -134 - -3ac3?
398d
In base 14, what is 1232 - a?
1226
In base 13, what is 89 + 13551?
1360a
In base 4, what is -100 + -11203202?
-11203302
In base 14, what is 6 - -199b?
19a3
In base 3, what is -12022221112 - 2?
-12022221121
In base 8, what is 5715 + 5?
5722
In base 7, what is 3231 - 1526?
1402
In base 9, what is 24857 - 3?
24854
In base 11, what is -282 - 239?
-510
In base 16, what is 225 - -2de?
503
In base 9, what is 87 + -14671?
-14573
In base 13, what is -35c35 + -1?
-35c36
In base 16, what is -1ef9 - -34?
-1ec5
In base 8, what is -10 - 40711?
-40721
In base 8, what is 1134 + 0?
1134
In base 4, what is -31222010 - -33?
-31221311
In base 16, what is 3a - 7dd?
-7a3
In base 16, what is 74af - 19?
7496
In base 2, what is 10110000 + 110?
10110110
In base 13, what is -2928 + 42?
-28b6
In base 13, what is 7406 - 2?
7404
In base 9, what is -10 + -36637?
-36647
In base 15, what is -b9 - -3d9?
320
In base 5, what is -334020 - -301?
-333214
In base 4, what is -10 - -2000021?
2000011
In base 12, what is -851 - 2b?
-880
In base 7, what is 4226 + -21?
4205
In base 2, what is 110011101 - 1001011100?
-10111111
In base 4, what is -130131221 + -301?
-130132122
In base 3, what is -1200 + 1111102200?
1111101000
In base 9, what is -136212 + 5?
-136206
In base 5, what is 1 - -3113001?
3113002
In base 13, what is 1a4ac9 + -4?
1a4ac5
In base 3,